et i = 3 + j. Suppose 3*c = 5*r + 27, i*r + 13 = c - 3*r. What is the units digit of c?
4
Let u be ((-48)/15)/4*-5. Suppose -3*j = -5*b + 82 - u, 3*j = -4*b + 57. Suppose 2*f - 7*f + b = 2*c, 3*c = 4*f + 11. What is the units digit of c?
5
Let r = -17 - -61. What is the units digit of (-1)/3 - r/(-6)?
7
Let i be 7*(3 - 0) + 3. Suppose 4*g - i - 4 = 0. What is the units digit of 0 + 3/1 + g?
0
Let p(n) = 5*n + 5. Let v be p(-4). What is the units digit of ((-10)/v)/(4/54)?
9
Let t(l) = -3*l + 2. Let h be t(-2). Let y = -11 + h. What is the units digit of y/1*1*-1?
3
Suppose -b = 3*w - 81, 4*w = -b - 2*b + 103. What is the units digit of w?
8
Let t be (-16)/(-6)*(-15)/(-10). Let p(s) = s - 3. What is the units digit of p(t)?
1
Suppose 0 = 3*y - o - 97 + 3, -y + 3*o = -42. What is the units digit of y?
0
Suppose -5*o + 5*v = -2*o - 111, -5*v = -5*o + 195. Suppose 0 = 5*m - 2*m - o. What is the units digit of m?
4
Suppose -s - 2*s + 622 = -2*g, 0 = -4*s + 2*g + 828. What is the tens digit of 24/(-18) - s/(-6)?
3
Suppose 3*j - 30 = -a + 12, 3*j - 186 = -4*a. What is the tens digit of a?
4
Let l = -82 + 116. What is the units digit of l?
4
Let z(f) = f - 2. Let k be z(5). Let h = 0 + 15. Suppose -k*u + 3*s + 9 = 0, -u + 36 - h = 5*s. What is the units digit of u?
6
Suppose -154 = -p + 32. What is the units digit of p?
6
Suppose 0 = -2*y + y + 54. Suppose -2*s = s - y. What is the tens digit of s?
1
Let d = -31 - -55. Suppose -7*v - 12 = -10*v. Suppose d = -0*j + v*j. What is the units digit of j?
6
Suppose -4 = -3*g - 1. Let s = 3 - g. Suppose -6*f + 4*f = 3*y - 10, 10 = s*f + 4*y. What is the units digit of f?
5
Suppose 2*g - 8 = d, 2*d = d + 4*g - 16. Suppose -2*x - 5 + 1 = d. Let n = 5 + x. What is the units digit of n?
3
Suppose 3*t = a + 123, -2*t + 44 = -3*a - 38. What is the tens digit of t?
4
Let d be -1 - (2*1)/2. Let x be (21/(-5) - -3)*10/4. Let y = d - x. What is the units digit of y?
1
Let p = -10 + 7. What is the units digit of (p - -1)/(4/(-36))?
8
What is the tens digit of ((-12)/(-15))/((-3)/(-105))?
2
What is the hundreds digit of ((-129)/4)/((-36)/192)?
1
Let g(m) = 27*m**2 - 5*m - 6. What is the hundreds digit of g(4)?
4
Let y(q) = -35*q + 2. What is the units digit of y(-2)?
2
Let s(p) = -p**3 + 7*p**2 - 2*p + 6. Let b be s(6). Suppose -3*t + t + b = 0. What is the units digit of t?
5
Let z = 13 - 4. Suppose 7*v + 28 = z*v. What is the units digit of v?
4
Let n(g) = 3*g. Let r(b) = -3*b. Suppose 0 = 2*m + 3*s + 2*s - 14, 2*m = 3*s - 18. Let t(j) = m*r(j) - 4*n(j). What is the units digit of t(-3)?
9
Suppose -3*l - 72 = -l. Let z be 0 + -1 + 2 + -5. What is the units digit of (-152)/l - z/(-18)?
4
Suppose -k = -5*i + 164 + 151, 0 = -5*i - 5*k + 345. Suppose -i = -3*h - h. What is the units digit of h?
6
What is the units digit of 102*((-2 - (-1)/(-2)) + 3)?
1
Let v(m) = -m**3 + 10*m**2 - m + 11. Let i be v(10). What is the units digit of i - -8 - (-2 + 4)?
7
Suppose -3*n + 5*w - 10 = 0, -n + w - 2 = n. Let l = 1 - 1. Suppose l = -4*y - n*y + 8. What is the units digit of y?
2
Suppose g + 0*g = -4*a + 26, -g + 5*a = 10. What is the tens digit of g?
1
Suppose 0*l = 2*l - 4. Let w(i) = i**3 + 13*i**2 - 13*i + 17. Let c be w(-14). Suppose -5*x + c = -l*x. What is the units digit of x?
1
Suppose 0 = 5*b - l + 2*l - 440, 3*l - 102 = -b. Let r be 4/(5 - (0 + 4)). Suppose 3*i - h = 50, r*i - 4*h = -31 + b. What is the units digit of i?
8
Let f(s) = 13*s + 3. Suppose 0 = -3*v + v + 2*c - 4, 4*v + 6 = 2*c. Let n(w) = -w. Let z(q) = v*f(q) - 6*n(q). What is the tens digit of z(-2)?
1
Let m(h) = -h**3 + h**3 + h**3 + h - 5*h - 5*h**2. What is the units digit of m(6)?
2
Let v be ((-76)/(-6))/((-3)/(-9)). Suppose -2*s + v = 6. What is the tens digit of s?
1
Let z(t) = t - 2. Let x be z(0). Let r(p) = 2*p**2 + 1. Let g be r(x). What is the units digit of 2 + 2/(-2) + g?
0
What is the tens digit of 1770/24 + (-1)/(-16)*4?
7
Let t(x) be the third derivative of -x**4/24 - 2*x**2. Let r be t(-4). Suppose -r*m = -0*m + 4*i, 0 = -2*m - 4*i - 6. What is the units digit of m?
3
Suppose -368 = -3*f - 5*f. What is the units digit of f?
6
Suppose p - 61 = -0*p. What is the units digit of p?
1
Suppose 332 = -0*c + 4*c - 4*f, 3*c + 3*f - 267 = 0. What is the tens digit of c?
8
Let u be (-400)/104 - 2/13. Let k(x) = -3*x + 0 + 2*x - 3. What is the units digit of k(u)?
1
Suppose 4*a - q = -12, 3*q - 26 = 5*a - q. What is the tens digit of (1 + 93/(-6))*a?
2
Let r = -29 + 63. What is the units digit of r?
4
Let f = -3 + 10. Let b = -2 + f. What is the units digit of b?
5
Suppose d = 3*d - 22. Suppose -9*z - 8 = -d*z. What is the units digit of z?
4
Let g(q) = q**3 - 4*q**2 + 7*q - 6. What is the units digit of g(3)?
6
Let m(o) = o**3 + 6*o**2 + 6*o + 7. Let q be m(-5). Let a be q/10 + 418/10. Let s = a - 23. What is the units digit of s?
9
Suppose -5 = -5*l + 5*o, o - 3 = -3*l - o. Let i(b) = l + 8*b - 1. What is the units digit of i(1)?
8
Suppose 3*j = 6*k - 2*k + 57, 3*k = -3*j + 78. Suppose 4*a + 4*h = 0, 2*a - 5*h - j = 5. Suppose 0 + 84 = a*n. What is the tens digit of n?
2
Suppose 4*d + 5*r = 3*d + 18, -4*r = -d - 18. Let m be ((-3)/(-3))/(d/(-16)). Suppose -2*y = -n + 1, -2*n + y + m = -3. What is the units digit of n?
7
Let a(z) = 7*z**2 + 1 + z**3 + 6*z - 1 + 4. What is the tens digit of a(-5)?
2
Let i(l) = 8*l**2 - 15. What is the tens digit of i(-5)?
8
Let l(p) = -p + 4. Let w be l(2). Let k be w + (27*2)/3. Suppose -20 = -3*j - j, -q - 3*j = -k. What is the units digit of q?
5
Let f(z) = z**3 + 7*z**2 + z + 9. Let i be f(-7). Let h(g) be the second derivative of g**4/3 - g**3/3 - 4*g. What is the tens digit of h(i)?
1
Suppose -5*v - 10 = 0, q - 22 = 5*v - 8. Suppose -q*c + 76 - 12 = 0. Suppose -5*l = -29 - c. What is the units digit of l?
9
Let o be (24/(-10))/(3/(-15)). What is the units digit of o/(-4)*1 + 12?
9
Suppose 4*d = -9*d + 962. What is the tens digit of d?
7
Suppose s + 2*n = -2*s + 428, 0 = 3*n + 15. What is the units digit of s?
6
Suppose -5*x + 56 = 3*y, -3*x + y + 28 = -0. What is the units digit of x?
0
Let b(i) be the first derivative of -i**4/4 + 8*i**3/3 + 5*i**2 - 9*i - 3. Let c be b(9). Let z = c + 5. What is the units digit of z?
5
What is the units digit of (-204)/(-21) - 2/(-7)?
0
Suppose q - 91 = 27. What is the tens digit of q?
1
What is the tens digit of 3/(6/103*(-7)/(-28))?
0
Suppose 2*p + 18 = v, -5*p - 25 = v + 27. Let i = -6 - p. What is the units digit of i?
4
Let d(l) = -l + 8. Let g(x) = 9*x - 81. Let k(j) = -42*d(j) - 4*g(j). What is the units digit of k(7)?
0
Suppose 2*w - 13 = 1. What is the units digit of w?
7
Let d(z) = -z. Let a be d(-7). Let p be (-1 + a)*(-2 + 1). What is the units digit of p/21 - 9/(-7)?
1
Let w = 12 + 7. What is the tens digit of w?
1
Suppose 50 = 3*m - a, 3*m - 38 = -0*m - 5*a. Suppose -4*p + m = -3*p. What is the tens digit of p?
1
Let t = 3 + 2. Suppose -t*v - 28 = 2. Let x = v + 8. What is the units digit of x?
2
Suppose 5*t = -3*m + 4, -t + 8 = 4*m + 3*t. Suppose 3 = z - m. What is the units digit of z?
6
Let s(t) = -2*t - 4. Let m be s(-6). Let n = 12 - m. Suppose n*v + v - 105 = 0. What is the tens digit of v?
2
Suppose -5*v + 35 = -2*l - 33, -12 = -v + 2*l. Let i = 0 - 0. Suppose 0 = -2*s - 4*d + v, i*s + 3*d - 10 = -s. What is the units digit of s?
1
Suppose 4*f - 6 = 2*y, -3*f + 3*y = f - 1. Suppose -5*x + x - 6 = -3*h, -f*h = -5*x - 7. What is the units digit of (-28)/7*x/4?
3
Suppose 6 = b + b. What is the tens digit of 45/2 - b/(-6)?
2
Suppose 3*g - 58 = 2*x, 3*g - 2*x - 33 = -5*x. Let k = g + 9. What is the units digit of k?
5
What is the units digit of ((-1)/1)/(-3*(-5)/(-225))?
5
Suppose 3*v = 22 + 77. What is the tens digit of v?
3
Let z = -2 - -4. Suppose z*p + 3*h = 34, 2 + 6 = 4*h. Suppose p = 3*o - 4*k, o - 2 = 2*k + 2. What is the units digit of o?
6
Let a(n) = -n**2 + 2. Let h = 0 + 0. Suppose -3*c = -h*c. What is the units digit of a(c)?
2
Let k = -40 - -244. What is the tens digit of k?
0
Let v(c) = c**3 - 2*c + 2. Let r be v(2). Suppose t - r*t = 30. Let h = 12 + t. What is the units digit of h?
6
Let w(q) = q**3 - 6*q**2 - 4*q - 8. What is the units digit of w(7)?
3
Let h(s) = -s**2 - 7*s - 3. Let d be h(-7). Let r be 0 + 1 - (-2 - d). Suppose r = 2*q - 0